+ 5*g + 24. Let v be f(-7). Let q be -5*(6 - 1908/315) - (-556)/14. What is the highest common factor of v and q?
40
Suppose -288 = l - 25*l. Suppose -2*k - 1980 = -l*k. What is the highest common factor of 18 and k?
18
Let r(x) = -68*x + 1544. Let h be r(18). What is the greatest common divisor of 15 and h?
5
Let s be (2 + 0 + -4)/2. Let c be s*(-41 + -1)*(15 + -16). Let l = -36 - c. What is the highest common divisor of 48 and l?
6
Suppose -5*p + 1565 = -160. Let s(j) = 109*j + 15. Let f be s(0). What is the highest common divisor of f and p?
15
Suppose r + 3 = -3*z + 2*z, 0 = 4*r - 5*z - 6. Let a be 5/20*8 - (r - -1). Suppose -a*x = -73 - 31. What is the greatest common divisor of x and 78?
26
Let d(g) = g**3 + g. Let f be d(1). Suppose 0 = -4*y - f*z, -3*z + z = -3*y. Suppose y = 5*j - 21 - 59. Calculate the highest common factor of 24 and j.
8
Let o(l) = -4*l**2 + 346*l - 142. Let d be o(86). Let a = -249 + 459. What is the greatest common divisor of a and d?
30
Suppose -q - 42 = -3*x, 108*x + 3*q = 112*x - 66. Calculate the highest common divisor of 91284 and x.
12
Suppose 0 = z + 3*y + 3, 5*z + 0*y - 50 = -2*y. Let n = -213 - -171. Let j = n + 66. What is the greatest common divisor of j and z?
12
Let q = 745 - 740. Suppose -i + 470 = -p - 683, 5*p = -q. What is the greatest common factor of i and 18?
18
Let y be ((-2 + (-1345)/5)*-1)/1. Let q = y + -136. Calculate the greatest common divisor of q and 225.
45
Let f(d) = d**3 - 15*d**2 - 14*d - 16. Let z be f(16). Suppose -1075 + 67 = -7*w. Calculate the greatest common divisor of w and z.
16
Let n be 2/(-3)*(6 + 4053/14). Let j = -181 - n. Calculate the highest common divisor of 12 and j.
4
Suppose -y = -371 - 1903. Calculate the highest common divisor of 6 and y.
6
Suppose -2*m = 13 - 125. Let f = m - 42. Calculate the greatest common factor of 154 and f.
14
Suppose -100*n + 311902 = 80*n - 555338. Calculate the greatest common divisor of n and 132.
66
Let v(r) = 4*r**2 - 26*r - 188. Let q be v(-6). Calculate the greatest common divisor of 392 and q.
56
Suppose -4*l + o + 3*o = -248, -5*o + 32 = l. Suppose n = -2*n + l. Let a = n + -3. What is the greatest common factor of a and 12?
4
Suppose 0 = -3*f - g + 274, -5*f + 85*g + 466 = 82*g. Calculate the greatest common factor of f and 253.
23
Let q be 6028/264 + (-4)/(-24). Suppose 0 = 4*l + 3*l - 161. What is the highest common divisor of q and l?
23
Let b(i) = -8*i - 7. Let d be b(-2). Suppose -o + 11*o = 2340. What is the highest common divisor of o and d?
9
Let p(w) = -380*w + 14265. Let g be p(0). What is the highest common factor of 45 and g?
45
Let k = 8951 + -7772. What is the greatest common divisor of 54 and k?
9
Let o(s) = 10 + 52 - 53 - 18*s + 64. Let g be o(3). Calculate the highest common factor of 76 and g.
19
Let d be 1*(444/10 - (-184)/115). Calculate the greatest common factor of 2300 and d.
46
Suppose -5626 = -96*m + 1862. Calculate the highest common factor of 104 and m.
26
Let x = -527 + -1143. Let t = 2356 + x. What is the greatest common divisor of t and 14?
14
Suppose 0 = 4*b + 5*f - 399, 2*b = -3*f - 2*f + 207. Let p = -478 - -484. Calculate the greatest common factor of p and b.
6
Let n = 10050 + -9940. Calculate the highest common factor of n and 26345.
55
Suppose 5*o - 16 = 34. Suppose 3*a = -10*c + 13*c + 204, -o = -5*c. Calculate the greatest common divisor of a and 28.
14
Let v(i) = -3047*i + 50. Let h be v(-2). What is the highest common divisor of h and 48?
48
Suppose 5650 - 1954 = 42*k. What is the greatest common divisor of k and 80?
8
Suppose -2124 = -4*l - 3*w, 12*w - 799 = -3*l + 794. What is the highest common divisor of l and 45?
9
Suppose -40*r + 15671 = -42649. Suppose 3*z + 5*j = 2188, -12*z = -14*z - 4*j + r. What is the greatest common divisor of z and 43?
43
Let p(b) = 800*b + 13628. Let d be p(-17). Calculate the highest common divisor of 14 and d.
14
Let l(i) = -i**3 - 5*i**2 + 21*i - 6. Suppose -440*w + 438*w = 16. Let d be l(w). What is the greatest common factor of d and 36?
18
Let j be (280/(-49))/(60/(-630)). Calculate the highest common divisor of j and 1280.
20
Let c(r) = 3*r**2 + 10*r - 58. Let z be c(4). Suppose y + 21*j = 19*j + 18, z = 2*y + 2*j. What is the highest common factor of 852 and y?
12
Let q(g) = g**2 - g - 2. Let z be q(6). Suppose 8*a = 926 - 142. What is the highest common factor of a and z?
14
Suppose 8*x - 569 - 115 = 252. What is the highest common divisor of 5733 and x?
117
Let n(c) = 4959*c + 4. Let r be n(1). Suppose 5*x = 4137 + r. Let o be x/117 + (-8)/(-18). Calculate the greatest common divisor of 144 and o.
16
Let u(g) = 6*g**3 + 3*g**2 + 9*g - 23. Let f be u(3). Let a = 209 - f. Calculate the highest common divisor of 232 and a.
8
Let z be 78/((24 - 23) + (-22)/16). Let d = 218 + z. Suppose -14*b = -13*b - 50. Calculate the highest common divisor of d and b.
10
Let p be ((-136)/(-10))/(1/10). Let c = 3249 - 3215. What is the highest common factor of p and c?
34
Let n = 7109 - 6524. What is the highest common divisor of 52 and n?
13
Suppose 76*u = -35965 + 132637. What is the greatest common factor of u and 168?
24
Suppose 38*p - 447 = -388 + 1309. Suppose -2*o + 1 = s - 31, -42 = -s + 3*o. Calculate the greatest common factor of s and p.
36
Let j = 227 - 133. Suppose -1223 + 1270 = i. What is the greatest common divisor of j and i?
47
Let p(d) = 61*d**2 - 27*d + 64. Let j be p(3). Calculate the highest common divisor of j and 252.
28
Let z be (-4)/(-10) - (-325)/125. Suppose 0 = o + 2*o - 219. Suppose -b - a + 6*a = -o, 0 = -z*a + 15. What is the greatest common divisor of b and 14?
14
Let w = 21 - -19. Let p = w - 33. What is the highest common divisor of 35 and p?
7
Suppose 0 = -3*p - 6 + 66. Let m = 147 + -68. Let j = -74 + m. What is the greatest common factor of p and j?
5
Suppose -5*i + 593 = -g, i + 2*i - 2*g - 360 = 0. Suppose -20*l + 2 = -i. What is the greatest common factor of 111 and l?
3
Suppose 25*p - 515 = -165. Let z(d) = -d**3 + 15*d**2 + 12*d - 124. Let j be z(p). What is the greatest common factor of 6 and j?
6
Let d = 29 - 6. Let f = 466 + -1696. Let i = f + 1391. What is the highest common divisor of d and i?
23
Let a(p) = 9*p + 144. Let s be a(8). Let y be (1 - -1)*14364/s. Calculate the greatest common factor of 76 and y.
19
Let t(q) = q**3 - 7*q**2 + 25*q + 22. Let j be t(5). Calculate the highest common factor of 776 and j.
97
Let n be ((-741)/38 + 20)*(0 + 40). Suppose -5*l + 3*d = -162, -4*l + 5*d + 84 + 56 = 0. What is the highest common divisor of l and n?
10
Let y(k) = -1221*k - 14703. Let j be y(-13). What is the highest common factor of j and 90?
90
Let p(n) = 160*n + 24. Let h be p(2). Let m be 9/15*960/36. What is the greatest common factor of h and m?
8
Let z be 2/(-12) - (-20425)/150. Let n = -115 + z. What is the highest common factor of 231 and n?
21
Suppose 0 = -y + w + 195, 22*y - 18*y = -4*w + 804. What is the greatest common factor of 261 and y?
9
Let p be (-16)/20 - 40092/(-65). Suppose 9*b - 2398 + p = 0. Calculate the highest common divisor of b and 495.
99
Suppose 2*n = 22 + 454. Let a = n + -208. What is the highest common divisor of 30 and a?
30
Suppose -62083 = 4759*u - 4808*u. What is the greatest common factor of u and 14?
7
Suppose 15*l - 22*l + 35 = 0. Suppose 5*d = 2*f - 68, 0 = -l*f + f + d + 154. Calculate the highest common divisor of 78 and f.
39
Let b = 391 - 393. Let f = 16 + b. What is the greatest common divisor of 91 and f?
7
Let j = 24 - 19. Suppose j*w - 78 = 2*w. Let l = -529 - -568. Calculate the greatest common factor of w and l.
13
Let v be 2 - 16/11 - (-3)/(1386/122640). What is the highest common divisor of 203 and v?
7
Suppose -2*d = -s + 33, -24*s = -29*s - 2*d + 213. Suppose -19*f + s*f = 682. Calculate the highest common divisor of 155 and f.
31
Let q = -1380 + 1588. Calculate the highest common divisor of q and 40.
8
Let j(s) = 20*s - 538. Let r be j(27). Let y = -22 + 32. Suppose -y - 30 = -r*c. Calculate the highest common factor of 30 and c.
10
Let h be (3/(-9) - 171/(-27)) + 4115. What is the highest common factor of 13 and h?
13
Let b = -178 - -98. Let n = 122 + b. What is the greatest common factor of 84 and n?
42
Let y be ((-460)/(-16))/((-7)/(-28)). Let a = y + -86. 